{"id":15,"date":"2023-02-11T09:48:59","date_gmt":"2023-02-11T09:48:59","guid":{"rendered":"http:\/\/localhost:8080\/cameradinhvi\/?page_id=15"},"modified":"2025-09-07T13:29:12","modified_gmt":"2025-09-07T13:29:12","slug":"15-2","status":"publish","type":"page","link":"https:\/\/jackdukyshop.com\/?page_id=15","title":{"rendered":"Li\u00ean h\u1ec7"},"content":{"rendered":"\r\n<h1 data-start=\"216\" data-end=\"245\">Gi\u1edbi thi\u1ec7u v\u1ec1 JackDuKy<\/h1>\r\n<p data-start=\"247\" data-end=\"582\"><strong data-start=\"247\" data-end=\"259\">JackDuKy<\/strong> l\u00e0 k\u00eanh YouTube chuy\u00ean v\u1ec1 <strong data-start=\"286\" data-end=\"322\">kh\u00e1m ph\u00e1 \u2013 tr\u1ea3i nghi\u1ec7m \u2013 chia s\u1ebb<\/strong> nh\u1eefng \u0111i\u1ec1u m\u1edbi m\u1ebb, k\u1ef3 th\u00fa quanh ta. M\u1ed7i video \u0111\u01b0\u1ee3c th\u1ef1c hi\u1ec7n v\u1edbi mong mu\u1ed1n \u0111\u01b0a kh\u00e1n gi\u1ea3 b\u01b0\u1edbc v\u00e0o m\u1ed9t h\u00e0nh tr\u00ecnh phi\u00eau l\u01b0u \u0111\u1ea7y c\u1ea3m h\u1ee9ng: t\u1eeb nh\u1eefng v\u00f9ng \u0111\u1ea5t hoang s\u01a1, th\u1eafng c\u1ea3nh thi\u00ean nhi\u00ean h\u00f9ng v\u0129, cho \u0111\u1ebfn nh\u1eefng c\u00e2u chuy\u1ec7n v\u0103n h\u00f3a \u2013 l\u1ecbch s\u1eed \u00edt ng\u01b0\u1eddi bi\u1ebft \u0111\u1ebfn.<\/p>\r\n<p data-start=\"584\" data-end=\"723\">V\u1edbi g\u00f3c nh\u00ecn ch\u00e2n th\u1eadt v\u00e0 tinh th\u1ea7n kh\u00e1m ph\u00e1 kh\u00f4ng ng\u1eebng ngh\u1ec9, <strong data-start=\"647\" data-end=\"659\">JackDuKy<\/strong> kh\u00f4ng ch\u1ec9 \u0111\u01a1n thu\u1ea7n ghi l\u1ea1i c\u1ea3nh \u0111\u1eb9p, m\u00e0 c\u00f2n \u0111em \u0111\u1ebfn cho b\u1ea1n:<\/p>\r\n<p data-start=\"725\" data-end=\"988\">\u2728 <strong data-start=\"727\" data-end=\"750\">Tr\u1ea3i nghi\u1ec7m th\u1ef1c t\u1ebf<\/strong> \u2013 m\u1ed7i chuy\u1ebfn \u0111i \u0111\u1ec1u \u0111\u01b0\u1ee3c k\u1ec3 l\u1ea1i m\u1ed9t c\u00e1ch s\u1ed1ng \u0111\u1ed9ng, g\u1ea7n g\u0169i.<br data-start=\"811\" data-end=\"814\" \/>\u2728 <strong data-start=\"816\" data-end=\"837\">Ki\u1ebfn th\u1ee9c h\u1eefu \u00edch<\/strong> \u2013 nh\u1eefng th\u00f4ng tin th\u00fa v\u1ecb v\u1ec1 \u0111\u1ecba danh, con ng\u01b0\u1eddi, v\u0103n h\u00f3a.<br data-start=\"895\" data-end=\"898\" \/>\u2728 <strong data-start=\"900\" data-end=\"922\">C\u1ea3m h\u1ee9ng phi\u00eau l\u01b0u<\/strong> \u2013 kh\u01a1i d\u1eady tinh th\u1ea7n t\u1ef1 do, th\u00f4i th\u00fac b\u1ea1n x\u00e1ch ba l\u00f4 l\u00ean v\u00e0 \u0111i.<\/p>\r\n<p data-start=\"990\" data-end=\"1093\">Ch\u00fang t\u00f4i tin r\u1eb1ng: <strong data-start=\"1010\" data-end=\"1091\">&#8220;Kh\u00e1m ph\u00e1 l\u00e0 c\u00e1ch t\u1ed1t nh\u1ea5t \u0111\u1ec3 hi\u1ec3u h\u01a1n v\u1ec1 th\u1ebf gi\u1edbi \u2013 v\u00e0 ch\u00ednh b\u1ea3n th\u00e2n m\u00ecnh.&#8221;<\/strong><\/p>\r\n<p data-start=\"1095\" data-end=\"1239\">\ud83d\udc49 H\u00e3y \u0111\u1ed3ng h\u00e0nh c\u00f9ng <strong data-start=\"1117\" data-end=\"1129\">JackDuKy<\/strong> tr\u00ean h\u00e0nh tr\u00ecnh n\u00e0y, \u0111\u1ec3 c\u00f9ng nhau m\u1edf r\u1ed9ng g\u00f3c nh\u00ecn, t\u00edch l\u0169y tr\u1ea3i nghi\u1ec7m v\u00e0 l\u01b0u gi\u1eef nh\u1eefng k\u1ef7 ni\u1ec7m kh\u00f3 qu\u00ean.<\/p>\r\n<p data-start=\"1241\" data-end=\"1324\">\ud83d\udccc Theo d\u00f5i k\u00eanh YouTube <strong data-start=\"1266\" data-end=\"1278\">JackDuKy<\/strong> \u0111\u1ec3 kh\u00f4ng b\u1ecf l\u1ee1 b\u1ea5t k\u1ef3 chuy\u1ebfn \u0111i th\u00fa v\u1ecb n\u00e0o!<\/p>\r\n","protected":false},"excerpt":{"rendered":"<p>Gi\u1edbi thi\u1ec7u v\u1ec1 JackDuKy JackDuKy l\u00e0 k\u00eanh YouTube chuy\u00ean v\u1ec1 kh\u00e1m ph\u00e1 \u2013 tr\u1ea3i nghi\u1ec7m \u2013 chia s\u1ebb nh\u1eefng \u0111i\u1ec1u m\u1edbi m\u1ebb, k\u1ef3 th\u00fa quanh ta. M\u1ed7i video \u0111\u01b0\u1ee3c th\u1ef1c hi\u1ec7n v\u1edbi mong mu\u1ed1n \u0111\u01b0a kh\u00e1n gi\u1ea3 b\u01b0\u1edbc v\u00e0o m\u1ed9t h\u00e0nh tr\u00ecnh phi\u00eau l\u01b0u \u0111\u1ea7y c\u1ea3m h\u1ee9ng: t\u1eeb nh\u1eefng v\u00f9ng \u0111\u1ea5t hoang s\u01a1, th\u1eafng c\u1ea3nh&#8230;<\/p>\n","protected":false},"author":2,"featured_media":0,"parent":0,"menu_order":0,"comment_status":"closed","ping_status":"closed","template":"","meta":{"footnotes":""},"class_list":["post-15","page","type-page","status-publish","hentry"],"_links":{"self":[{"href":"https:\/\/jackdukyshop.com\/index.php?rest_route=\/wp\/v2\/pages\/15","targetHints":{"allow":["GET"]}}],"collection":[{"href":"https:\/\/jackdukyshop.com\/index.php?rest_route=\/wp\/v2\/pages"}],"about":[{"href":"https:\/\/jackdukyshop.com\/index.php?rest_route=\/wp\/v2\/types\/page"}],"author":[{"embeddable":true,"href":"https:\/\/jackdukyshop.com\/index.php?rest_route=\/wp\/v2\/users\/2"}],"replies":[{"embeddable":true,"href":"https:\/\/jackdukyshop.com\/index.php?rest_route=%2Fwp%2Fv2%2Fcomments&post=15"}],"version-history":[{"count":4,"href":"https:\/\/jackdukyshop.com\/index.php?rest_route=\/wp\/v2\/pages\/15\/revisions"}],"predecessor-version":[{"id":961,"href":"https:\/\/jackdukyshop.com\/index.php?rest_route=\/wp\/v2\/pages\/15\/revisions\/961"}],"wp:attachment":[{"href":"https:\/\/jackdukyshop.com\/index.php?rest_route=%2Fwp%2Fv2%2Fmedia&parent=15"}],"curies":[{"name":"wp","href":"https:\/\/api.w.org\/{rel}","templated":true}]}}