{"id":1327,"date":"2025-10-09T02:42:58","date_gmt":"2025-10-09T02:42:58","guid":{"rendered":"https:\/\/jackduky.com\/?post_type=product&#038;p=1327"},"modified":"2025-10-09T02:44:19","modified_gmt":"2025-10-09T02:44:19","slug":"mat-ong-hoa-ban-thien-nhien","status":"publish","type":"product","link":"https:\/\/jackdukyshop.com\/?product=mat-ong-hoa-ban-thien-nhien","title":{"rendered":"M\u1eacT ONG HOA B\u1ea6N THI\u00caN NHI\u00caN"},"content":{"rendered":"<h3 data-start=\"286\" data-end=\"306\">\ud83c\udf3f <strong data-start=\"293\" data-end=\"306\">Ngu\u1ed3n g\u1ed1c<\/strong><\/h3>\n<p data-start=\"307\" data-end=\"642\">T\u1ea1i khu v\u1ef1c Duy\u00ean H\u1ea3i, t\u1ec9nh Tr\u00e0 Vinh, c\u00f3 m\u1ed9t <strong data-start=\"352\" data-end=\"394\">r\u1eebng B\u1ea7n ng\u1eadp m\u1eb7n r\u1ed9ng h\u00e0ng ng\u00e0n hecta<\/strong> \u2013 n\u01a1i m\u1ed7i n\u0103m v\u00e0o kho\u1ea3ng <strong data-start=\"420\" data-end=\"440\">th\u00e1ng 8, 9 v\u00e0 10<\/strong>, hoa B\u1ea7n n\u1edf tr\u1eafng xo\u00e1 c\u1ea3 m\u1ed9t v\u00f9ng tr\u1eddi.<br data-start=\"480\" data-end=\"483\" \/>\u0110\u00e2y c\u0169ng l\u00e0 th\u1eddi \u0111i\u1ec3m <strong data-start=\"505\" data-end=\"567\">h\u00e0ng \u0111\u00e0n ong t\u1ef1 nhi\u00ean t\u1eeb kh\u1eafp n\u01a1i bay v\u1ec1 l\u00e0m t\u1ed5 v\u00e0 l\u1ea5y m\u1eadt<\/strong>.<br data-start=\"568\" data-end=\"571\" \/>Trung b\u00ecnh <strong data-start=\"582\" data-end=\"612\">m\u1ed7i t\u1ed5 ong cho 1\u20133 l\u00edt m\u1eadt<\/strong>, c\u00f3 t\u1ed5 l\u00ean \u0111\u1ebfn <strong data-start=\"628\" data-end=\"639\">4\u20135 l\u00edt<\/strong>.<\/p>\n<p data-start=\"644\" data-end=\"926\">M\u1eadt ong hoa B\u1ea7n <strong data-start=\"660\" data-end=\"724\">c\u00f3 m\u00e0u v\u00e0ng \u00f3ng, v\u1ecb ng\u1ecdt thanh kh\u00f4ng g\u1eaft c\u1ed5, s\u00e1nh v\u00e0 k\u00e9o s\u1ee3i<\/strong>, \u0111\u1eb7c bi\u1ec7t <strong data-start=\"735\" data-end=\"799\">h\u01b0\u01a1ng th\u01a1m d\u1ecbu t\u1ef1 nhi\u00ean, r\u1ea5t t\u1ed1t cho s\u1ee9c kh\u1ecfe v\u00e0 h\u1ec7 ti\u00eau h\u00f3a<\/strong>.<br data-start=\"800\" data-end=\"803\" \/>Gia \u0111\u00ecnh ch\u00fang t\u00f4i thu mua tr\u1ef1c ti\u1ebfp t\u1eeb <strong data-start=\"843\" data-end=\"871\">phu m\u1eadt g\u1ea7n nh\u00e0 anh Jack<\/strong>, n\u00ean <strong data-start=\"877\" data-end=\"926\">ho\u00e0n to\u00e0n y\u00ean t\u00e2m v\u1ec1 ngu\u1ed3n g\u1ed1c v\u00e0 ch\u1ea5t l\u01b0\u1ee3ng.<\/strong><\/p>\n<hr data-start=\"928\" data-end=\"931\" \/>\n<h3 data-start=\"933\" data-end=\"961\">\ud83d\udcaa <strong data-start=\"940\" data-end=\"961\">C\u00f4ng d\u1ee5ng n\u1ed5i b\u1eadt<\/strong><\/h3>\n<ul data-start=\"962\" data-end=\"1241\">\n<li data-start=\"962\" data-end=\"1025\">\n<p data-start=\"964\" data-end=\"1025\"><strong data-start=\"964\" data-end=\"982\">Tr\u1ebb ho\u00e1 c\u01a1 th\u1ec3<\/strong>, gi\u00fap da d\u1ebb m\u1ecbn m\u00e0ng v\u00e0 t\u0103ng n\u0103ng l\u01b0\u1ee3ng.<\/p>\n<\/li>\n<li data-start=\"1026\" data-end=\"1086\">\n<p data-start=\"1028\" data-end=\"1086\"><strong data-start=\"1028\" data-end=\"1052\">K\u1ebft h\u1ee3p v\u1edbi b\u1ed9t ngh\u1ec7<\/strong> h\u1ed7 tr\u1ee3 <strong data-start=\"1060\" data-end=\"1083\">\u0111i\u1ec1u tr\u1ecb \u0111au bao t\u1eed<\/strong>.<\/p>\n<\/li>\n<li data-start=\"1087\" data-end=\"1155\">\n<p data-start=\"1089\" data-end=\"1155\"><strong data-start=\"1089\" data-end=\"1112\">L\u00e0m gia v\u1ecb \u01b0\u1edbp th\u1ecbt<\/strong>, gi\u00fap m\u00f3n \u0103n th\u01a1m ngon, \u0111\u1eadm v\u1ecb t\u1ef1 nhi\u00ean.<\/p>\n<\/li>\n<li data-start=\"1156\" data-end=\"1241\">\n<p data-start=\"1158\" data-end=\"1241\"><strong data-start=\"1158\" data-end=\"1187\">Pha c\u00f9ng chanh v\u00e0 n\u01b0\u1edbc \u1ea5m<\/strong> gi\u00fap <strong data-start=\"1193\" data-end=\"1238\">t\u0103ng s\u1ee9c \u0111\u1ec1 kh\u00e1ng, c\u1ea3i thi\u1ec7n h\u1ec7 mi\u1ec5n d\u1ecbch<\/strong>.<\/p>\n<\/li>\n<\/ul>\n<hr data-start=\"1243\" data-end=\"1246\" \/>\n<h3 data-start=\"1248\" data-end=\"1271\">\ud83c\udf6f <strong data-start=\"1255\" data-end=\"1271\">C\u00e1ch s\u1eed d\u1ee5ng<\/strong><\/h3>\n<ul data-start=\"1272\" data-end=\"1518\">\n<li data-start=\"1272\" data-end=\"1349\">\n<p data-start=\"1274\" data-end=\"1349\"><strong data-start=\"1274\" data-end=\"1287\">M\u1ed7i s\u00e1ng:<\/strong> pha 1\u20132 th\u00eca m\u1eadt ong v\u1edbi n\u01b0\u1edbc \u1ea5m v\u00e0 v\u00e0i gi\u1ecdt chanh \u0111\u1ec3 u\u1ed1ng.<\/p>\n<\/li>\n<li data-start=\"1350\" data-end=\"1435\">\n<p data-start=\"1352\" data-end=\"1435\"><strong data-start=\"1352\" data-end=\"1373\">K\u1ebft h\u1ee3p b\u1ed9t ngh\u1ec7:<\/strong> tr\u1ed9n m\u1eadt ong v\u1edbi b\u1ed9t ngh\u1ec7 vo th\u00e0nh vi\u00ean, d\u00f9ng nh\u01b0 thu\u1ed1c t\u1ec3.<\/p>\n<\/li>\n<li data-start=\"1436\" data-end=\"1518\">\n<p data-start=\"1438\" data-end=\"1518\"><strong data-start=\"1438\" data-end=\"1455\">Trong n\u1ea5u \u0103n:<\/strong> d\u00f9ng \u01b0\u1edbp th\u1ecbt ho\u1eb7c pha ch\u1ebf n\u01b0\u1edbc s\u1ed1t \u0111\u1ec3 t\u0103ng h\u01b0\u01a1ng v\u1ecb m\u00f3n \u0103n.<\/p>\n<\/li>\n<\/ul>\n<hr data-start=\"1520\" data-end=\"1523\" \/>\n<h3 data-start=\"1525\" data-end=\"1549\">\ud83d\udce6 <strong data-start=\"1532\" data-end=\"1549\">C\u00e1ch b\u1ea3o qu\u1ea3n<\/strong><\/h3>\n<ul data-start=\"1550\" data-end=\"1775\">\n<li data-start=\"1550\" data-end=\"1619\">\n<p data-start=\"1552\" data-end=\"1619\">B\u1ea3o qu\u1ea3n n\u01a1i <strong data-start=\"1565\" data-end=\"1588\">kh\u00f4 r\u00e1o, tho\u00e1ng m\u00e1t<\/strong>, <strong data-start=\"1590\" data-end=\"1616\">tr\u00e1nh \u0111\u1ec3 trong t\u1ee7 l\u1ea1nh<\/strong>.<\/p>\n<\/li>\n<li data-start=\"1620\" data-end=\"1775\">\n<p data-start=\"1622\" data-end=\"1775\">Do m\u1eadt \u0111\u01b0\u1ee3c thu v\u00e0o <strong data-start=\"1642\" data-end=\"1663\">th\u00e1ng 8 (m\u00f9a m\u01b0a)<\/strong> n\u00ean c\u00f3 th\u1ec3 ch\u1ee9a <strong data-start=\"1680\" data-end=\"1711\">m\u1ed9t l\u01b0\u1ee3ng n\u01b0\u1edbc nh\u1ecf t\u1ef1 nhi\u00ean<\/strong>, ho\u00e0n to\u00e0n b\u00ecnh th\u01b0\u1eddng v\u00e0 <strong data-start=\"1738\" data-end=\"1772\">kh\u00f4ng \u1ea3nh h\u01b0\u1edfng \u0111\u1ebfn ch\u1ea5t l\u01b0\u1ee3ng<\/strong>.<\/p>\n<\/li>\n<\/ul>\n<p><strong data-start=\"225\" data-end=\"237\">Cam k\u1ebft:<\/strong> 100% m\u1eadt ong nguy\u00ean ch\u1ea5t t\u1eeb thi\u00ean nhi\u00ean<\/p>\n","protected":false},"excerpt":{"rendered":"<p>\ud83c\udf3f Ngu\u1ed3n g\u1ed1c T\u1ea1i khu v\u1ef1c Duy\u00ean H\u1ea3i, t\u1ec9nh Tr\u00e0 Vinh, c\u00f3 m\u1ed9t r\u1eebng B\u1ea7n ng\u1eadp m\u1eb7n r\u1ed9ng h\u00e0ng ng\u00e0n hecta \u2013 n\u01a1i m\u1ed7i n\u0103m v\u00e0o kho\u1ea3ng th\u00e1ng 8, 9 v\u00e0 10, hoa B\u1ea7n n\u1edf tr\u1eafng xo\u00e1 c\u1ea3 m\u1ed9t v\u00f9ng tr\u1eddi.\u0110\u00e2y c\u0169ng l\u00e0 th\u1eddi \u0111i\u1ec3m h\u00e0ng \u0111\u00e0n ong t\u1ef1 nhi\u00ean t\u1eeb kh\u1eafp n\u01a1i bay v\u1ec1&#8230;<\/p>\n","protected":false},"featured_media":1328,"comment_status":"open","ping_status":"closed","template":"","meta":[],"product_cat":[65,78],"product_tag":[],"class_list":{"0":"post-1327","1":"product","2":"type-product","3":"status-publish","4":"has-post-thumbnail","6":"product_cat-dac-san-theo-mua","7":"product_cat-mat-ong-thien-nhien","9":"first","10":"instock","11":"shipping-taxable","12":"purchasable","13":"product-type-simple"},"_links":{"self":[{"href":"https:\/\/jackdukyshop.com\/index.php?rest_route=\/wp\/v2\/product\/1327","targetHints":{"allow":["GET"]}}],"collection":[{"href":"https:\/\/jackdukyshop.com\/index.php?rest_route=\/wp\/v2\/product"}],"about":[{"href":"https:\/\/jackdukyshop.com\/index.php?rest_route=\/wp\/v2\/types\/product"}],"replies":[{"embeddable":true,"href":"https:\/\/jackdukyshop.com\/index.php?rest_route=%2Fwp%2Fv2%2Fcomments&post=1327"}],"wp:featuredmedia":[{"embeddable":true,"href":"https:\/\/jackdukyshop.com\/index.php?rest_route=\/wp\/v2\/media\/1328"}],"wp:attachment":[{"href":"https:\/\/jackdukyshop.com\/index.php?rest_route=%2Fwp%2Fv2%2Fmedia&parent=1327"}],"wp:term":[{"taxonomy":"product_cat","embeddable":true,"href":"https:\/\/jackdukyshop.com\/index.php?rest_route=%2Fwp%2Fv2%2Fproduct_cat&post=1327"},{"taxonomy":"product_tag","embeddable":true,"href":"https:\/\/jackdukyshop.com\/index.php?rest_route=%2Fwp%2Fv2%2Fproduct_tag&post=1327"}],"curies":[{"name":"wp","href":"https:\/\/api.w.org\/{rel}","templated":true}]}}